(-30)). What is the highest common divisor of m and 1853?
109
Let c = -4127 - -4145. What is the highest common divisor of c and 11160?
18
Let n(v) = v**3 - 25*v**2 - 46*v - 141. Let j be n(27). Suppose 3*z - 35 = -5*r, r = z - 11 + 2. What is the greatest common factor of z and j?
5
Let n(x) = 2*x**3 - 72*x**2 - 69*x - 184. Let h be n(37). What is the highest common factor of 437 and h?
1
Suppose 0 = -35*k + 17*k + 198. Let z be -1 - -95 - (k - (4 - -1)). Let i = -8 + 19. What is the greatest common divisor of z and i?
11
Suppose 3*m + 5 = 2*n + 76, 0 = -4*m - 5*n + 110. What is the greatest common divisor of 2075 and m?
25
Suppose 7*c - 307 = 8. Let s = c - 28. What is the greatest common divisor of 323 and s?
17
Suppose 2*z - 157 = 81. Suppose 121 = 5*a - z. Suppose 7*i - 2572 - 452 = 0. Calculate the highest common factor of i and a.
48
Let l be (575/(-20))/(-5) + (-3)/4. Suppose 4*r + 27 = l*z, -5*r - 2*z = -6*z + 27. Let n = r - -9. What is the greatest common divisor of n and 78?
6
Let b be (-1)/((-12)/(-36)*6/(-298)). Let u(c) = -21*c**2 - c + 1. Let h be u(-2). Let o = h + b. Calculate the highest common factor of 17 and o.
17
Suppose 3*s + 169 = 319. What is the highest common factor of 190 and s?
10
Let b be 24/(-18)*3/(-2). Suppose 910 = 15*c - 8*c. Let m be (c/25)/(b/5). What is the highest common divisor of m and 52?
13
Suppose d = q - 295, 4*q - 3*d = 1302 - 119. Suppose 5*c - 182 = q. What is the greatest common divisor of c and 528?
48
Suppose 141*g - 164*g = -24219. What is the greatest common factor of 221 and g?
13
Let c(s) = 2*s**2 + 17*s + 509. Let q be c(29). What is the highest common divisor of q and 44?
44
Let n be (4/(-16))/((-5)/80). Suppose 3*y - 3 = 0, -3*y = n*o - 6*y - 85. Calculate the highest common factor of o and 33.
11
Suppose 3*g + 10 = 220. Suppose -16 + g = 9*n. Let p = -115 + 169. Calculate the greatest common factor of n and p.
6
Suppose 1825 = f + 3*h, -1301 = -2*f - 5*h + 2354. Calculate the greatest common divisor of 400 and f.
80
Let s be (80 + -14)*103/3. What is the highest common divisor of 309 and s?
103
Suppose 4*m - 2*d + 14 = 0, -5*m + 4*d - d = 19. Let t be (m - -2)/3 + 3. Suppose s + t = 1, 3*s + 258 = g. What is the greatest common factor of g and 28?
28
Let r be 9/(-6) - 10/(-8)*14. Suppose r = 4*w, 5*y + 28 = w + 89. Suppose -z + 5*i = -28, y = 2*z - z - 2*i. What is the highest common divisor of z and 6?
3
Suppose 9*x - 874 = -41*x - 474. What is the greatest common factor of 212 and x?
4
Let u be -93*(-10)/4*17*16/408. What is the highest common factor of u and 589?
31
Let n = -12371 + 12431. Calculate the highest common divisor of 7620 and n.
60
Let b = -90 + 107. Suppose 0 = -b*f + 10*f + 5292. Suppose -4*z + f = -0*z. What is the greatest common factor of z and 21?
21
Let p(q) = -q**2 - 10*q - 21. Let f be 11*1*3*4/12. Suppose 0 = -2*t - f + 1. Let h be p(t). What is the highest common divisor of h and 1?
1
Suppose 3*j - 9731 = 4*o + 12548, 0 = -2*j - 4*o + 14826. What is the greatest common factor of j and 724?
181
Let c(n) = -13*n + 10. Let m = -6 + 3. Let h be c(m). What is the highest common factor of h and 7?
7
Suppose -4*i + 10224 + 4449 = f, -4*i = 5*f - 14661. What is the highest common divisor of i and 6?
3
Let z be 0/((-4)/28*-21) + 246. What is the highest common factor of z and 702?
6
Let u = -830258 + 830388. Let a = -1 + 13. Let g be (52/(-12))/((-2)/a). What is the highest common factor of g and u?
26
Let d(p) = p**3 - 48*p**2 + 124*p + 68. Let f be d(46). What is the highest common factor of f and 5?
5
Let i = 184 - 172. Let h be -3 + 7/1 - 2. Let k be h/(-3)*-141 - -2. Calculate the greatest common factor of i and k.
12
Suppose 5*p = 4*p + 65. Suppose -14768 = -222*s + 80*s. Calculate the highest common divisor of s and p.
13
Let x(u) = 11*u**2 - u - 4. Let p be x(5). Suppose -5*w + 115 = 675. Let c = p + w. Calculate the highest common factor of c and 14.
14
Suppose 117*s - 118*s - 2*a = -4242, 4*a + 8468 = 2*s. Calculate the greatest common divisor of s and 26.
26
Suppose 5*x - 5*y = -10*y + 1200, 0 = -0*y + 3*y. What is the highest common factor of x and 1584?
48
Suppose 35 = 3*m - 16. Suppose m*j = 15*j + 4. Let v = -183 - -203. Calculate the highest common factor of j and v.
2
Let x(t) be the first derivative of -t**4/4 + t**3 - 3*t**2 + 10*t + 2. Let v be x(4). Let w = -25 - v. What is the highest common factor of 15 and w?
5
Suppose 5*k - 842*q = -840*q + 92, 5 = -5*q. Calculate the highest common divisor of 993 and k.
3
Suppose -121*i = -66*i + 88*i - 12155. What is the greatest common factor of i and 3655?
85
Suppose 0 = -3*y + 228 - 39. Suppose -57*l - 18 = -y*l. Suppose d + 5*r = -l*d + 36, r = d. Calculate the greatest common factor of 10 and d.
2
Suppose 4*k + 19*k = 641 + 10859. What is the greatest common factor of k and 16?
4
Suppose j = 58*h - 55*h + 36, 3*j + 4*h = 30. Suppose 5*x - 9 = 4*d, -d - 1 = 5*x - 5. Let k be (132/8)/(x/12). What is the greatest common factor of k and j?
18
Suppose 12*n = 29*n - 493. Suppose 28*c + 26 = n*c. What is the highest common divisor of c and 13?
13
Suppose -3*z = 2*h - 24, 2*z + h + 3*h - 8 = 0. Let k = -5263 - -5633. Calculate the greatest common factor of k and z.
10
Let g(m) = -290*m - 4. Let w be g(2). Let d = 614 + w. Calculate the highest common divisor of 15 and d.
15
Suppose -2*t - 4*l + 792 = 0, -616 = -t - l - 220. Calculate the highest common divisor of t and 19998.
198
Let v be ((-806)/(-429))/(-31) - 4*215/(-33). Let t = 93 - 54. Calculate the greatest common divisor of t and v.
13
Suppose 0 = 17*g - 19*g + 12. Suppose g*v + 19*v = 1625. What is the greatest common divisor of v and 5?
5
Suppose 33*f - 41998 = -13*f. What is the greatest common factor of 2 and f?
1
Suppose l - 284 = -2*r, 8*l - 6*l - 427 = -3*r. Suppose p - 88 = -5*t + r, 3*t - 127 = 2*p. What is the highest common factor of t and 30?
15
Suppose -4*t + 2 = i, -5*i = -2*t - i - 8. Let w be (t/1 + 56)*2/4. Let f be 10/3 - 4/(-6). What is the highest common divisor of w and f?
4
Let w be 95473/(-6) + (-37)/(-222). Let s be 0/(-1) - w/34. Calculate the highest common divisor of s and 36.
36
Let p(j) = -j**3 - 51*j**2 + 105*j - 49. Let k be p(-53). Suppose -s - k*z + 92 = -249, -3*s + 4*z = -1023. What is the highest common factor of s and 11?
11
Suppose -14*k - 165*k + 3542 = -18*k. Calculate the greatest common divisor of 3696 and k.
22
Suppose 0 = -2*n + 12 - 4. Suppose n*b + 23 - 443 = 0. Let c(i) = 24*i - 1433. Let l be c(60). Calculate the highest common divisor of l and b.
7
Let w(q) = q**3 - 2*q**2 + 5*q - 12. Suppose -16*p + 41 + 23 = 0. Let h be w(p). What is the greatest common factor of 8 and h?
8
Let o be 3 + (-1 - 17)/(-9). Suppose 0 = 3*s + 5*g - 1775, s + 57*g - 55*g = 593. What is the highest common divisor of o and s?
5
Let z(s) = 227*s**3 - 51*s**2 - 9*s. Let l be z(4). Calculate the greatest common divisor of l and 52.
52
Suppose 5*u - 8*c - 2124 = -12*c, 0 = 5*u + 3*c - 2118. What is the greatest common divisor of u and 280?
140
Let h be (2/(-5))/(1/(-10)). Let k = -1101 + 446. Let u = k + 699. What is the greatest common divisor of u and h?
4
Let k be 6/33 + 42/11. Suppose -5*t + 75 = k*i - 2*i, 5*t - 2*i = 75. Suppose 2*o - 40 = -2*o. What is the highest common factor of o and t?
5
Suppose -3*h + 22 = -32. Let g = 6658 - 6424. Calculate the highest common factor of g and h.
18
Suppose 17 + 7 = -4*a. Let m(w) = w**2 - 7*w - 1. Let p be m(a). Suppose 21*g = -466*g + 105*g + 2674. What is the highest common factor of g and p?
7
Suppose 2*l = 0, -3*s + 0*s - 318 = -3*l. Let r = -101 - s. Suppose 4*b + 5*h = 8*b - 31, 2*b - r*h - 3 = 0. Calculate the highest common divisor of b and 28.
14
Suppose -3*h - 948 + 1271 = -5*y, -4*h - 2*y = -448. What is the greatest common factor of h and 4440?
111
Suppose -69*v + 67 + 2045 = -1545. What is the greatest common factor of v and 9169?
53
Suppose -12*s + 529137 = 51*s. Calculate the greatest common divisor of 227 and s.
227
Let b = 1181 + -925. Calculate the greatest common divisor of 64 and b.
64
Let d(l) = -l**3 - 89*l**2 + 274*l - 139. Let v be d(-92). Let c = 9 - 3. Let n = c + -1. Calculate the greatest common divisor of v and n.
5
Suppose -5*p + 206 - 644 = -7*b, b + 2